or of 169176?
True
Is 133 a factor of 90201?
False
Is 20 a factor of 6839380?
True
Is 92 a factor of 1083852?
True
Does 9 divide 172449?
True
Is 12 a factor of 1061292?
True
Does 171 divide 3809606?
False
Is 5891676 a multiple of 212?
False
Does 34 divide 22703024?
True
Is 7146749 a multiple of 23?
False
Does 23 divide 673069?
False
Is 12 a factor of 4082253?
False
Is 20 a factor of 863297?
False
Is 42105 a multiple of 3?
True
Does 343 divide 259227?
False
Is 1363037 a multiple of 331?
False
Is 639 a factor of 1022400?
True
Does 75 divide 7679775?
True
Does 157 divide 110371?
True
Is 73247 even?
False
Is 157221 a multiple of 27?
True
Does 196 divide 49196?
True
Does 223 divide 1562636?
False
Is 528701 a multiple of 23?
True
Is 35611 a multiple of 96?
False
Is 10 a factor of 8498348?
False
Does 32 divide 1877854?
False
Does 800 divide 17244000?
True
Does 17 divide 1949670?
False
Is 159 a factor of 8064679?
False
Does 13 divide 5024038?
False
Does 14 divide 751894?
False
Is 27 a factor of 4409667?
True
Is 522444 a multiple of 39?
True
Is 1318846 a multiple of 14?
False
Is 67576 a multiple of 3?
False
Is 13 a factor of 1134341?
True
Is 58 a factor of 1586731?
False
Is 30 a factor of 61323?
False
Does 4 divide 59700?
True
Does 70 divide 33267?
False
Does 198 divide 78804?
True
Is 1439424 a multiple of 56?
True
Is 2690732 a multiple of 254?
False
Is 160 a factor of 6326400?
True
Does 327 divide 1327620?
True
Is 54483 a multiple of 127?
True
Is 4698149 a multiple of 29?
False
Does 517 divide 325885?
False
Is 118 a factor of 8377281?
False
Is 648128 a multiple of 52?
True
Is 908138 a multiple of 192?
False
Is 28327 a multiple of 13?
True
Is 4745585 a multiple of 17?
False
Is 14 a factor of 9352?
True
Does 173 divide 1300807?
False
Does 133 divide 23203845?
True
Is 84 a factor of 1063860?
True
Does 14 divide 313320?
True
Does 15 divide 2515425?
True
Is 6 a factor of 336858?
True
Does 462 divide 18133038?
True
Is 9135 a multiple of 21?
True
Is 749623 a multiple of 6?
False
Is 19 a factor of 4329484?
False
Is 12 a factor of 10070652?
True
Is 6 a factor of 11833355?
False
Is 9 a factor of 1671895?
False
Does 35 divide 312970?
True
Does 19 divide 584509?
False
Is 56 a factor of 11565939?
False
Is 4763702 a multiple of 294?
False
Is 3 a factor of 2659632?
True
Does 62 divide 126931?
False
Is 22147872 a multiple of 24?
True
Is 736098 a multiple of 4?
False
Is 35 a factor of 804825?
True
Does 173 divide 2908130?
True
Is 303366 a multiple of 11?
False
Is 38 a factor of 1227438?
True
Is 31968 a multiple of 54?
True
Is 541225 a multiple of 25?
True
Is 6654570 a multiple of 755?
True
Does 46 divide 3560?
False
Is 753583 a multiple of 72?
False
Is 10373366 a multiple of 262?
True
Does 113 divide 17402?
True
Is 103291 a multiple of 25?
False
Is 12762720 a multiple of 96?
True
Does 101 divide 191698?
True
Is 30 a factor of 66173?
False
Is 85600 a multiple of 120?
False
Is 277770 a multiple of 282?
True
Is 2593118 a multiple of 24?
False
Is 10 a factor of 316190?
True
Does 130 divide 282490?
True
Is 20 a factor of 810374?
False
Is 8557 a multiple of 29?
False
Is 119705 a multiple of 21?
False
Does 98 divide 7565796?
True
Is 6 a factor of 5271092?
False
Is 187146 a multiple of 13?
False
Does 41 divide 4489541?
True
Is 33 a factor of 81641?
False
Does 13 divide 1825876?
True
Is 162 a factor of 3151909?
False
Is 343 a factor of 103048?
False
Is 226 a factor of 1731838?
True
Is 19811700 a multiple of 20?
True
Does 35 divide 162995?
True
Is 15 a factor of 477237?
False
Is 18 a factor of 2045214?
True
Is 579581 a multiple of 331?
True
Does 610 divide 17564?
False
Does 7 divide 1613126?
False
Is 210 a factor of 211798?
False
Does 283 divide 83485?
True
Is 24 a factor of 1898698?
False
Is 164 a factor of 166296?
True
Is 23 a factor of 47597?
False
Does 193 divide 1772544?
False
Does 180 divide 5049000?
True
Does 19 divide 414657?
False
Is 2 a factor of 466479?
False
Is 71137 a multiple of 29?
True
Is 478 a factor of 167195?
False
Does 61 divide 67141?
False
Does 274 divide 1836020?
False
Is 74620 a multiple of 91?
True
Does 1381 divide 3187042?
False
Is 12 a factor of 42360?
True
Is 148 a factor of 202662?
False
Is 125234 a multiple of 2?
True
Is 240 a factor of 3845127?
False
Is 37 a factor of 126318?
True
Does 12 divide 632895?
False
Does 47 divide 65518?
True
Is 242200 a multiple of 346?
True
Is 2502680 a multiple of 152?
True
Is 26 a factor of 1515046?
True
Is 1461 a factor of 15750641?
False
Is 9580 a multiple of 4?
True
Does 14 divide 4961012?
True
Is 15179794 a multiple of 1967?
False
Is 152657 a multiple of 79?
False
Does 371 divide 7425194?
True
Is 64 a factor of 1393837?
False
Is 820 a factor of 5991740?
True
Does 17 divide 15147?
True
Does 470 divide 347674?
False
Is 24 a factor of 7162510?
False
Is 73 a factor of 2395860?
True
Is 837 a factor of 20984427?
True
Is 53 a factor of 102002?
False
Does 14 divide 64036?
True
Is 810 a factor of 106799?
False
Is 539 a factor of 8219750?
True
Does 49 divide 678338?
False
Is 2781800 a multiple of 28?
True
Does 95 divide 4555991?
False
Is 208 a factor of 20176?
True
Does 8 divide 192870?
False
Is 17 a factor of 1965319?
True
Does 443 divide 15062?
True
Is 19542134 a multiple of 40?
False
Is 2 a factor of 543?
False
Is 7873320 a multiple of 420?
True
Does 230 divide 4741653?
False
Is 40 a factor of 69640?
True
Is 544 a factor of 1614048?
True
Does 5 divide 181325?
True
Is 17 a factor of 7162829?
False
Does 13 divide 795366?
True
Is 492 even?
True
Does 289 divide 2572389?
True
Is 18172858 a multiple of 1159?
False
Is 271738 a multiple of 38?
True
Does 87 divide 107592?
False
Does 19 divide 2628154?
False
Is 13 a factor of 473616?
True
Is 6 a factor of 196950?
True
Does 31 divide 267129?
False
Is 153732 a multiple of 22?
False
Does 35 divide 43252?
False
Does 62 divide 518940?
True
Does 3 divide 201945?
True
Is 227 a factor of 6973562?
False
Does 8 divide 30128?
True
Does 70 divide 266630?
True
Is 146670 a multiple of 30?
True
Is 7 a factor of 217658?
True
Does 16 divide 39163392?
True
Does 187 divide 1328448?
True
Is 47134 a multiple of 4?
False
Is 547211 a multiple of 12?
False
Is 140462 a multiple of 127?
True
Does 39 divide 15674475?
False
Does 308 divide 13552315?
False
Is 70 a factor of 18844140?
True
Is 109172 a multiple of 196?
True
Does 13 divide 25080328?
True
Is 5437159 a multiple of 300?
False
Is 388438 a multiple of 12?
False
Is 13537194 a multiple of 33?
True
Is 726410 a multiple of 63?
False
Does 6 divide 1619226?
True
Is 62417 a multiple of 15?
False
Does 217 divide 1443484?
True
Is 29 a factor of 4483835?
True
Does 24 divide 10766904?
True
Is 41 a factor of 317381?
True
Does 184 divide 222114?
False
Does 130 divide 183264?
False
Is 3722772 a multiple of 14?
False
Is 2565743 a multiple of 23?
False
Is 4 a factor of 85295?
False
Does 120 divide 257847?
False
Is 249 a factor of 9344725?
False
Is 627746 a multiple of 14?
True
Is 236360 a multiple of 190?
True
Does 9 divide 43722?
True
Does 43 divide 698922?
True
Is 91 a factor of 287651?
True
Is 36 a factor of 352534?
False
Is 8 a factor of 705705?
False
Is 78 a factor of 1442576?
False
Is 11 a factor of 700216?
True
Is 27968 a multiple of 92?
True
Is 137340 a multiple of 45?
True
Is 11050 a multiple of 8?
False
Is 6 a factor of 45534?
True
Is 195 a factor of 270075?
True
Is 969152 a multiple of 76?
True
Is 144 a factor of 1446195?
False
Is 140322 a multiple of 273?
True
Is 23 a factor of 2006233?
False
Does 46 divide 151124?
False
Is 13 a factor of 2411461?
True
Is 2 a factor of 601?
False
Does 690 divide 4994220?
True
Does 9 divide 3150?
True
Does 217 divide 25490?
False
Is 45932 a multiple of 119?
False
Is 275035 a multiple of 20?
False
Is 9554946 a multiple of 289?
False
Is 17 a factor of 87176?
True
Is 315 a factor of 505260?
True
Is 2099475 a multiple of 651?
True
Is 6 a factor of 34755?
False
Is 57173 even?
False
Does 64 divide 1719478?
False
Is 3 a factor of 34623?
True
Does 9 divide 32895?
True
Does 13 divide 5780619?
True
Is 88 a factor of 554830?
False
Is 61 a factor of 44713?
True
Does 327 divide 182139?
True
Is 121163 a multiple of 173?
False
Is 337 a factor of 9535683?
False
Is 243489 a multiple of 227?
False
Is 215688 a multiple of 86?
True
Is 